 5. Let f be o(-5). What is the highest common factor of 165 and f?
15
Suppose b - 2*d + 8 = 0, 25 = 5*b - 7*d + 10*d. Suppose -4*v = 4*w - 21 - 3, 4 = 4*v - w. Calculate the highest common divisor of b and v.
2
Suppose -8*v + 32 + 24 = 0. Calculate the highest common divisor of 56 and v.
7
Let u = 27 + -18. Let z = 13 - -5. What is the highest common divisor of z and u?
9
Let m(s) = 3*s**2 + 2*s - 3. Let u = 3 - 9. Let k be u/33 - 70/(-22). Let z be m(k). What is the highest common divisor of z and 45?
15
Suppose -r + 0*r = -2. Suppose 3*y - 12 = -2*l, -9 = -y - r*y - l. Suppose h + y*h = 144. Calculate the highest common divisor of h and 6.
6
Let d(p) = 5*p - 16. Let r be d(6). Calculate the greatest common divisor of r and 154.
14
Let o = 7 - 5. Suppose 0 = o*a - 31 + 11. Let m be a*(-2 + 8)/3. What is the highest common divisor of 40 and m?
20
Suppose 4*s = 9*s - 75. What is the greatest common divisor of s and 15?
15
Let i(a) = 6*a + 1. Let p be i(-1). Let n = 8 + p. Suppose r - n*r + 14 = 0. Calculate the highest common factor of 77 and r.
7
Let y(o) = -o**3 - 7*o**2 - 5*o - 8. Let j be y(-6). Let q = 46 + j. What is the highest common divisor of 4 and q?
4
Suppose 160*l = 164*l - 1064. Calculate the highest common divisor of l and 38.
38
Let b be (0/(-1))/(-4 + 2). Suppose 0 = -5*v - b*v + 285. What is the highest common divisor of 19 and v?
19
Suppose 2*q + 3*q = 160. What is the greatest common factor of q and 4?
4
Suppose 0 = -r - 2*r. Let d = 2 + r. Suppose -4*b = -d*b - 8. What is the greatest common divisor of b and 16?
4
Suppose 0 = -d - 3*d + 12. Suppose 18 - d = -5*f, 0 = -r + 5*f + 114. Let b = -2 - -11. Calculate the highest common divisor of r and b.
9
Let r = -6 - -10. Suppose 5*c + 3*b - 92 = 2*b, -2*b = -r. What is the highest common divisor of c and 162?
18
Let q be (12/10)/((-2)/(-110)). What is the highest common divisor of q and 6?
6
Suppose 0 = -r + 4 - 1, -r + 7 = 2*t. Let b = 9 + -5. Let w = 18 - b. Calculate the highest common factor of w and t.
2
Let u(n) = -n**3 - 4*n**2 + n + 5. Let t be u(-4). Let h = 8 - 5. Suppose h - 6 = -3*k. Calculate the highest common factor of k and t.
1
Suppose 6*j - 128 - 232 = 0. Calculate the greatest common divisor of 24 and j.
12
Let u = 256 - 216. Calculate the greatest common factor of 10 and u.
10
Suppose 0*n = -n - 37. Let k = 91 + n. Let l(c) = -c**3 - 6*c**2 - 7*c - 6. Let h be l(-6). What is the highest common divisor of h and k?
18
Let o(c) = -c + 12. Let g be o(9). Suppose 0 = -g*y - 1 + 28. Calculate the greatest common divisor of y and 36.
9
Suppose -3*i = -2*i + 4*n - 30, -5*i - 2*n = -78. Let x = -65 - -121. Calculate the greatest common divisor of i and x.
14
Suppose 0 = q + 2*q + n + 40, -2*q - 32 = 2*n. Let t be -3*(q/9)/2. Suppose 0 = i - b - 0 - 11, 55 = 5*i - t*b. What is the highest common factor of 55 and i?
11
Let j be 7/((-70)/44)*-5. Calculate the highest common divisor of j and 66.
22
Let w(x) = x**3 + 5*x**2 + 2*x + 2. Suppose -2*f + 3*f = -4. Let u be w(f). Calculate the greatest common factor of 20 and u.
10
Suppose 2*q - 100 = 4*d, d = 5*q - d - 242. Calculate the highest common divisor of q and 120.
24
Let y(d) = -5*d**3 + 2*d**2 + d + 2. Let t be y(-3). Calculate the greatest common divisor of 19 and t.
19
Let t = 94 + -56. Let r(f) be the second derivative of -f**3/2 + 2*f**2 - 2*f. Let s be r(-5). What is the highest common factor of t and s?
19
Suppose 0 = 5*i - 17 - 3. Suppose -j + i = -0*j. Suppose 4*o + 28 = 2*p - p, 0 = -2*p - 2*o + 36. What is the greatest common divisor of j and p?
4
Suppose 2 - 53 = -3*s. Let w = 18 + -12. Suppose -v = -w*v + 680. Calculate the highest common factor of v and s.
17
Let k be -3*1*3/(-9). Let w(h) be the third derivative of h**4/12 - h**3/3 + 3*h**2. Let d be w(3). Calculate the highest common divisor of k and d.
1
Let y(c) = -c**2 - 8*c + 12. Let j be y(-8). What is the highest common factor of j and 132?
12
Let a(q) = -2*q**3 + 2*q + 1. Let c be a(-2). Suppose u - 104 = -u. What is the highest common divisor of c and u?
13
Let y(w) = -30*w**2 + 4*w + 2. Let b be y(-2). Let r be -2*2/8*b. What is the greatest common divisor of 7 and r?
7
Suppose 182 - 52 = 5*a. Suppose 3*w - a - 94 = 0. What is the highest common factor of w and 60?
20
Let g = -8 - -32. What is the greatest common divisor of 60 and g?
12
Let a = 9 + -7. Let u(s) = -4 - 3*s**2 - s**2 + s**2 + 4*s**2 - a*s. Let r be u(4). What is the highest common divisor of r and 2?
2
Suppose 0 = 5*q - 1 + 31. Let l(z) = z**2 + 3*z + 2. Let n be l(q). Calculate the highest common divisor of n and 30.
10
Let c(k) = -k**2 - 10*k - 12. Let u be 6/8*(0 - 12). Let b be c(u). Let z = b - -11. Calculate the greatest common factor of z and 72.
8
Suppose -2*p = -4*b - 6*p + 1664, 4*p = 5*b - 2044. Let r be b/20 - 3/5. Let d = 36 - 6. Calculate the greatest common divisor of r and d.
10
Let w(k) = -14*k + 1. Let g be w(-6). Suppose 5*d = 4*z + 105 + 77, -2*d - 2*z + 62 = 0. What is the greatest common divisor of d and g?
17
Let z = -67 - -121. What is the greatest common factor of z and 72?
18
Suppose 0 = -c + 3 + 8. Let j = c + -8. Calculate the highest common divisor of j and 3.
3
Suppose -2*k = 5*g + 32, k = 5*k + g + 28. Let q be (3/(-4))/(k/120). What is the greatest common divisor of q and 45?
15
Let h(m) = 28*m. Let w be h(2). Let n = 585 - 577. What is the greatest common factor of n and w?
8
Suppose 0 = -5*w + 3*p + 86, 0 = 5*w + 5*p - 75 + 5. Suppose 0 = 2*o - 0*o + 414. Let m = -95 - o. Calculate the greatest common divisor of m and w.
16
Let s be ((-42)/30)/(3/(-15)). Calculate the greatest common factor of 63 and s.
7
Let x be (2/(-3))/(2/(-30)). Let c = x - -18. What is the greatest common divisor of c and 4?
4
Let t(x) = -2*x + 10. Let p be t(5). Suppose p*y - 5*y = -50. What is the highest common divisor of y and 30?
10
Suppose -4*k + 18 = -54. What is the greatest common divisor of 90 and k?
18
Let j be 3/((-1)/(-87)*1). What is the highest common factor of 29 and j?
29
Let i = 4 - 12. Let t be ((-4)/5)/(i/720). What is the greatest common factor of 24 and t?
24
Let p = 78 + -48. Calculate the highest common factor of 6 and p.
6
Let l(g) = 293*g - 7. Let w be l(1). Suppose -x + z = -z - 34, 58 = 3*x + 5*z. Calculate the highest common factor of w and x.
26
Suppose -s + 2 = -4. Suppose -2*p = 2*m - 4*m + 126, -5*m = -p - 327. Calculate the greatest common factor of s and m.
6
Let g be ((-5)/(-3))/((-3)/(-54)). Calculate the highest common divisor of 20 and g.
10
Let q be (-2)/4*-2*19. Suppose 0 = 5*v + 2*w - 68, v - 6*w + w = q. What is the greatest common divisor of 14 and v?
14
Let s(i) = -i**3 - 14*i**2 - 7*i + 14. Let h be s(-14). What is the greatest common divisor of 14 and h?
14
Let c(u) = 2*u**2 + 5*u - 42. Let x be c(7). Suppose 3*b + 4*s = 13 + 22, 3*b - 2*s = 41. What is the greatest common divisor of x and b?
13
Let i be (2/4)/((-2)/(-80)). Let v be ((-2)/(-3))/(1/6). What is the greatest common factor of v and i?
4
Let s be (-1 - 1) + (-18 - -22). Let t be 2*s/((-12)/(-45)). What is the highest common divisor of t and 15?
15
Suppose -22 = 4*p - 90. What is the highest common factor of 85 and p?
17
Let u be 3/2*4/6. Let c(n) = n - 9. Let h be 7*2*(4 - 3). Let m be c(h). Calculate the greatest common factor of u and m.
1
Let a = 5 - 2. Suppose -5*c + 10 = 0, -5 - a = -r - c. Calculate the highest common divisor of r and 4.
2
Let t(p) = 5*p**2 - 2*p - 2. Let l be t(2). Suppose -8*k + 5*k = -4*u + 68, -5*u + 5*k + 90 = 0. What is the highest common factor of u and l?
14
Suppose -2*u = 5*p - 40, -2*u - 5 = -5*p + 3*u. Suppose 13*z - 50 = 8*z. Let r = p + z. What is the greatest common factor of 16 and r?
16
Let d(v) be the third derivative of 7*v**5/60 - v**4/12 + v**3/6 - 4*v**2. Let i be d(1). Calculate the greatest common factor of i and 9.
3
Suppose 3*f - 26 = 2*a, f + a = 3*f - 19. Calculate the greatest common factor of 42 and f.
6
Suppose -2*a + 60 = 3*a. What is the highest common factor of 84 and a?
12
Suppose -q + 6 = -1. Suppose -g + 4*j + 134 = 0, -80 = -4*g - j + 473. Let r be (-10)/(-35) + g/q. What is the greatest common factor of r and 50?
10
Let c(y) = y**3 - y + 6. Let s be c(0). Let d = -5 - -4. Let p be 0/3 + d - -49. C